{"id":78,"date":"2024-01-23T16:16:22","date_gmt":"2024-01-23T19:16:22","guid":{"rendered":"https:\/\/fagsistems.com.ar\/head\/?page_id=78"},"modified":"2024-06-06T17:33:09","modified_gmt":"2024-06-06T20:33:09","slug":"nosotros","status":"publish","type":"page","link":"https:\/\/fagsistems.com.ar\/head\/nosotros\/","title":{"rendered":"Nosotros"},"content":{"rendered":"\t\t<div data-elementor-type=\"wp-page\" data-elementor-id=\"78\" class=\"elementor elementor-78\" data-elementor-post-type=\"page\">\n\t\t\t\t\t\t<section class=\"elementor-section elementor-top-section elementor-element elementor-element-15c6d46 elementor-section-boxed elementor-section-height-default elementor-section-height-default\" data-id=\"15c6d46\" data-element_type=\"section\" data-e-type=\"section\" data-settings=\"{&quot;background_background&quot;:&quot;classic&quot;}\">\n\t\t\t\t\t\t\t<div class=\"elementor-background-overlay\"><\/div>\n\t\t\t\t\t\t\t<div class=\"elementor-container elementor-column-gap-default\">\n\t\t\t\t\t<div class=\"elementor-column elementor-col-100 elementor-top-column elementor-element elementor-element-207d92a\" data-id=\"207d92a\" data-element_type=\"column\" data-e-type=\"column\">\n\t\t\t<div class=\"elementor-widget-wrap elementor-element-populated\">\n\t\t\t\t\t\t<div class=\"elementor-element elementor-element-cc1c4df elementor-invisible elementor-widget elementor-widget-heading\" data-id=\"cc1c4df\" data-element_type=\"widget\" data-e-type=\"widget\" data-settings=\"{&quot;_animation&quot;:&quot;fadeInLeft&quot;,&quot;_animation_tablet&quot;:&quot;fadeIn&quot;}\" data-widget_type=\"heading.default\">\n\t\t\t\t<div class=\"elementor-widget-container\">\n\t\t\t\t\t<h2 class=\"elementor-heading-title elementor-size-default\">Nosotros<\/h2>\t\t\t\t<\/div>\n\t\t\t\t<\/div>\n\t\t\t\t\t<\/div>\n\t\t<\/div>\n\t\t\t\t\t<\/div>\n\t\t<\/section>\n\t\t\t\t<section class=\"elementor-section elementor-top-section elementor-element elementor-element-0aa0440 elementor-section-boxed elementor-section-height-default elementor-section-height-default\" data-id=\"0aa0440\" data-element_type=\"section\" data-e-type=\"section\" data-settings=\"{&quot;background_background&quot;:&quot;classic&quot;}\">\n\t\t\t\t\t\t<div class=\"elementor-container elementor-column-gap-default\">\n\t\t\t\t\t<div class=\"elementor-column elementor-col-50 elementor-top-column elementor-element elementor-element-53432c9\" data-id=\"53432c9\" data-element_type=\"column\" data-e-type=\"column\">\n\t\t\t<div class=\"elementor-widget-wrap elementor-element-populated\">\n\t\t\t\t\t\t<div class=\"elementor-element elementor-element-b5d3e2b elementor-widget elementor-widget-image\" data-id=\"b5d3e2b\" data-element_type=\"widget\" data-e-type=\"widget\" data-widget_type=\"image.default\">\n\t\t\t\t<div class=\"elementor-widget-container\">\n\t\t\t\t\t\t\t\t\t\t\t\t\t\t\t<img fetchpriority=\"high\" decoding=\"async\" width=\"300\" height=\"200\" src=\"https:\/\/fagsistems.com.ar\/head\/wp-content\/uploads\/2024\/06\/e-bikes-2021-3.jpg\" class=\"attachment-large size-large wp-image-2213\" alt=\"\" \/>\t\t\t\t\t\t\t\t\t\t\t\t\t\t\t<\/div>\n\t\t\t\t<\/div>\n\t\t\t\t\t<\/div>\n\t\t<\/div>\n\t\t\t\t<div class=\"elementor-column elementor-col-50 elementor-top-column elementor-element elementor-element-f66f4dd\" data-id=\"f66f4dd\" data-element_type=\"column\" data-e-type=\"column\">\n\t\t\t<div class=\"elementor-widget-wrap elementor-element-populated\">\n\t\t\t\t\t\t<div class=\"elementor-element elementor-element-106caf2 elementor-invisible elementor-widget elementor-widget-text-editor\" data-id=\"106caf2\" data-element_type=\"widget\" data-e-type=\"widget\" data-settings=\"{&quot;_animation&quot;:&quot;fadeInRight&quot;,&quot;_animation_delay&quot;:100}\" data-widget_type=\"text-editor.default\">\n\t\t\t\t<div class=\"elementor-widget-container\">\n\t\t\t\t\t\t\t\t\t<p><span style=\"font-weight: 400;\">Desde hace 10 a\u00f1os, el p\u00fablico ciclista est\u00e1 convencido de que las bicicletas de la marca HEAD conquistan el mundo&#8230;<\/span><\/p><p><span style=\"font-weight: 400;\"><br><\/span><\/p>\n<p><span style=\"font-weight: 400;\">Las bicicletas son nuestra pasi\u00f3n. Nos esforzamos por incorporar este hecho lo mejor posible en la producci\u00f3n y montaje de bicicletas HEAD.<\/span><\/p><p><span style=\"font-weight: 400;\"><br><\/span><\/p><p><span style=\"font-weight: 400;\">Llevamos ya 25 a\u00f1os fabricando bicicletas y esta larga experiencia nos ha permitido convertir sue\u00f1os en realidad y satisfacer las demandas del p\u00fablico ciclista.&nbsp;<\/span><\/p><p><span style=\"font-weight: 400;\"><br><\/span><\/p><p><span style=\"font-weight: 400;\">La producci\u00f3n de bicicletas HEAD se basa en la calidad garantizada por el montaje manual de las bicicletas. Esto es muy importante para nosotros porque siempre damos prioridad a la calidad.<\/span><\/p>\t\t\t\t\t\t\t\t<\/div>\n\t\t\t\t<\/div>\n\t\t\t\t\t<\/div>\n\t\t<\/div>\n\t\t\t\t\t<\/div>\n\t\t<\/section>\n\t\t\t\t<\/div>\n\t\t","protected":false},"excerpt":{"rendered":"<p>Nosotros Desde hace 10 a\u00f1os, el p\u00fablico ciclista est\u00e1 convencido de que las bicicletas de la marca HEAD conquistan el mundo&#8230; Las bicicletas son nuestra pasi\u00f3n. Nos esforzamos por incorporar este hecho lo mejor posible en la producci\u00f3n y montaje de bicicletas HEAD. Llevamos ya 25 a\u00f1os fabricando bicicletas y esta larga experiencia nos ha [&hellip;]<\/p>\n","protected":false},"author":1,"featured_media":0,"parent":0,"menu_order":0,"comment_status":"closed","ping_status":"closed","template":"","meta":{"_acf_changed":false,"site-sidebar-layout":"no-sidebar","site-content-layout":"","ast-site-content-layout":"full-width-container","site-content-style":"default","site-sidebar-style":"default","ast-global-header-display":"","ast-banner-title-visibility":"","ast-main-header-display":"","ast-hfb-above-header-display":"","ast-hfb-below-header-display":"","ast-hfb-mobile-header-display":"","site-post-title":"disabled","ast-breadcrumbs-content":"","ast-featured-img":"disabled","footer-sml-layout":"","ast-disable-related-posts":"","theme-transparent-header-meta":"","adv-header-id-meta":"","stick-header-meta":"","header-above-stick-meta":"","header-main-stick-meta":"","header-below-stick-meta":"","astra-migrate-meta-layouts":"default","ast-page-background-enabled":"default","ast-page-background-meta":{"desktop":{"background-color":"var(--ast-global-color-4)","background-image":"","background-repeat":"repeat","background-position":"center center","background-size":"auto","background-attachment":"scroll","background-type":"","background-media":"","overlay-type":"","overlay-color":"","overlay-opacity":"","overlay-gradient":""},"tablet":{"background-color":"","background-image":"","background-repeat":"repeat","background-position":"center center","background-size":"auto","background-attachment":"scroll","background-type":"","background-media":"","overlay-type":"","overlay-color":"","overlay-opacity":"","overlay-gradient":""},"mobile":{"background-color":"","background-image":"","background-repeat":"repeat","background-position":"center center","background-size":"auto","background-attachment":"scroll","background-type":"","background-media":"","overlay-type":"","overlay-color":"","overlay-opacity":"","overlay-gradient":""}},"ast-content-background-meta":{"desktop":{"background-color":"var(--ast-global-color-5)","background-image":"","background-repeat":"repeat","background-position":"center center","background-size":"auto","background-attachment":"scroll","background-type":"","background-media":"","overlay-type":"","overlay-color":"","overlay-opacity":"","overlay-gradient":""},"tablet":{"background-color":"var(--ast-global-color-5)","background-image":"","background-repeat":"repeat","background-position":"center center","background-size":"auto","background-attachment":"scroll","background-type":"","background-media":"","overlay-type":"","overlay-color":"","overlay-opacity":"","overlay-gradient":""},"mobile":{"background-color":"var(--ast-global-color-5)","background-image":"","background-repeat":"repeat","background-position":"center center","background-size":"auto","background-attachment":"scroll","background-type":"","background-media":"","overlay-type":"","overlay-color":"","overlay-opacity":"","overlay-gradient":""}},"footnotes":""},"class_list":["post-78","page","type-page","status-publish","hentry"],"acf":[],"yoast_head":"<!-- This site is optimized with the Yoast SEO plugin v27.3 - https:\/\/yoast.com\/product\/yoast-seo-wordpress\/ -->\n<title>Nosotros - Head<\/title>\n<meta name=\"robots\" content=\"index, follow, max-snippet:-1, max-image-preview:large, max-video-preview:-1\" \/>\n<link rel=\"canonical\" href=\"https:\/\/fagsistems.com.ar\/head\/nosotros\/\" \/>\n<meta property=\"og:locale\" content=\"es_ES\" \/>\n<meta property=\"og:type\" content=\"article\" \/>\n<meta property=\"og:title\" content=\"Nosotros - Head\" \/>\n<meta property=\"og:description\" content=\"Nosotros Desde hace 10 a\u00f1os, el p\u00fablico ciclista est\u00e1 convencido de que las bicicletas de la marca HEAD conquistan el mundo&#8230; Las bicicletas son nuestra pasi\u00f3n. Nos esforzamos por incorporar este hecho lo mejor posible en la producci\u00f3n y montaje de bicicletas HEAD. Llevamos ya 25 a\u00f1os fabricando bicicletas y esta larga experiencia nos ha [&hellip;]\" \/>\n<meta property=\"og:url\" content=\"https:\/\/fagsistems.com.ar\/head\/nosotros\/\" \/>\n<meta property=\"og:site_name\" content=\"Head\" \/>\n<meta property=\"article:publisher\" content=\"https:\/\/www.facebook.com\/kanjitech\" \/>\n<meta property=\"article:modified_time\" content=\"2024-06-06T20:33:09+00:00\" \/>\n<meta property=\"og:image\" content=\"https:\/\/fagsistems.com.ar\/head\/wp-content\/uploads\/2024\/06\/e-bikes-2021-3.jpg\" \/>\n<meta name=\"twitter:card\" content=\"summary_large_image\" \/>\n<meta name=\"twitter:label1\" content=\"Tiempo de lectura\" \/>\n\t<meta name=\"twitter:data1\" content=\"1 minuto\" \/>\n<script type=\"application\/ld+json\" class=\"yoast-schema-graph\">{\"@context\":\"https:\\\/\\\/schema.org\",\"@graph\":[{\"@type\":\"WebPage\",\"@id\":\"https:\\\/\\\/fagsistems.com.ar\\\/head\\\/nosotros\\\/\",\"url\":\"https:\\\/\\\/fagsistems.com.ar\\\/head\\\/nosotros\\\/\",\"name\":\"Nosotros - Head\",\"isPartOf\":{\"@id\":\"https:\\\/\\\/fagsistems.com.ar\\\/head\\\/#website\"},\"primaryImageOfPage\":{\"@id\":\"https:\\\/\\\/fagsistems.com.ar\\\/head\\\/nosotros\\\/#primaryimage\"},\"image\":{\"@id\":\"https:\\\/\\\/fagsistems.com.ar\\\/head\\\/nosotros\\\/#primaryimage\"},\"thumbnailUrl\":\"https:\\\/\\\/fagsistems.com.ar\\\/head\\\/wp-content\\\/uploads\\\/2024\\\/06\\\/e-bikes-2021-3.jpg\",\"datePublished\":\"2024-01-23T19:16:22+00:00\",\"dateModified\":\"2024-06-06T20:33:09+00:00\",\"breadcrumb\":{\"@id\":\"https:\\\/\\\/fagsistems.com.ar\\\/head\\\/nosotros\\\/#breadcrumb\"},\"inLanguage\":\"es-AR\",\"potentialAction\":[{\"@type\":\"ReadAction\",\"target\":[\"https:\\\/\\\/fagsistems.com.ar\\\/head\\\/nosotros\\\/\"]}]},{\"@type\":\"ImageObject\",\"inLanguage\":\"es-AR\",\"@id\":\"https:\\\/\\\/fagsistems.com.ar\\\/head\\\/nosotros\\\/#primaryimage\",\"url\":\"https:\\\/\\\/fagsistems.com.ar\\\/head\\\/wp-content\\\/uploads\\\/2024\\\/06\\\/e-bikes-2021-3.jpg\",\"contentUrl\":\"https:\\\/\\\/fagsistems.com.ar\\\/head\\\/wp-content\\\/uploads\\\/2024\\\/06\\\/e-bikes-2021-3.jpg\",\"width\":300,\"height\":200},{\"@type\":\"BreadcrumbList\",\"@id\":\"https:\\\/\\\/fagsistems.com.ar\\\/head\\\/nosotros\\\/#breadcrumb\",\"itemListElement\":[{\"@type\":\"ListItem\",\"position\":1,\"name\":\"Inicio\",\"item\":\"https:\\\/\\\/fagsistems.com.ar\\\/head\\\/\"},{\"@type\":\"ListItem\",\"position\":2,\"name\":\"Nosotros\"}]},{\"@type\":\"WebSite\",\"@id\":\"https:\\\/\\\/fagsistems.com.ar\\\/head\\\/#website\",\"url\":\"https:\\\/\\\/fagsistems.com.ar\\\/head\\\/\",\"name\":\"Kanji - Inspir\u00e1 tu mundo\",\"description\":\"\",\"publisher\":{\"@id\":\"https:\\\/\\\/fagsistems.com.ar\\\/head\\\/#organization\"},\"potentialAction\":[{\"@type\":\"SearchAction\",\"target\":{\"@type\":\"EntryPoint\",\"urlTemplate\":\"https:\\\/\\\/fagsistems.com.ar\\\/head\\\/?s={search_term_string}\"},\"query-input\":{\"@type\":\"PropertyValueSpecification\",\"valueRequired\":true,\"valueName\":\"search_term_string\"}}],\"inLanguage\":\"es-AR\"},{\"@type\":\"Organization\",\"@id\":\"https:\\\/\\\/fagsistems.com.ar\\\/head\\\/#organization\",\"name\":\"Kanji\",\"url\":\"https:\\\/\\\/fagsistems.com.ar\\\/head\\\/\",\"logo\":{\"@type\":\"ImageObject\",\"inLanguage\":\"es-AR\",\"@id\":\"https:\\\/\\\/fagsistems.com.ar\\\/head\\\/#\\\/schema\\\/logo\\\/image\\\/\",\"url\":\"https:\\\/\\\/fagsistems.com.ar\\\/head\\\/wp-content\\\/uploads\\\/2023\\\/12\\\/logo-b.svg\",\"contentUrl\":\"https:\\\/\\\/fagsistems.com.ar\\\/head\\\/wp-content\\\/uploads\\\/2023\\\/12\\\/logo-b.svg\",\"width\":2500,\"height\":400,\"caption\":\"Kanji\"},\"image\":{\"@id\":\"https:\\\/\\\/fagsistems.com.ar\\\/head\\\/#\\\/schema\\\/logo\\\/image\\\/\"},\"sameAs\":[\"https:\\\/\\\/www.facebook.com\\\/kanjitech\",\"https:\\\/\\\/www.instagram.com\\\/kanji.arg\\\/\"]}]}<\/script>\n<!-- \/ Yoast SEO plugin. -->","yoast_head_json":{"title":"Nosotros - Head","robots":{"index":"index","follow":"follow","max-snippet":"max-snippet:-1","max-image-preview":"max-image-preview:large","max-video-preview":"max-video-preview:-1"},"canonical":"https:\/\/fagsistems.com.ar\/head\/nosotros\/","og_locale":"es_ES","og_type":"article","og_title":"Nosotros - Head","og_description":"Nosotros Desde hace 10 a\u00f1os, el p\u00fablico ciclista est\u00e1 convencido de que las bicicletas de la marca HEAD conquistan el mundo&#8230; Las bicicletas son nuestra pasi\u00f3n. Nos esforzamos por incorporar este hecho lo mejor posible en la producci\u00f3n y montaje de bicicletas HEAD. Llevamos ya 25 a\u00f1os fabricando bicicletas y esta larga experiencia nos ha [&hellip;]","og_url":"https:\/\/fagsistems.com.ar\/head\/nosotros\/","og_site_name":"Head","article_publisher":"https:\/\/www.facebook.com\/kanjitech","article_modified_time":"2024-06-06T20:33:09+00:00","og_image":[{"url":"https:\/\/fagsistems.com.ar\/head\/wp-content\/uploads\/2024\/06\/e-bikes-2021-3.jpg","type":"","width":"","height":""}],"twitter_card":"summary_large_image","twitter_misc":{"Tiempo de lectura":"1 minuto"},"schema":{"@context":"https:\/\/schema.org","@graph":[{"@type":"WebPage","@id":"https:\/\/fagsistems.com.ar\/head\/nosotros\/","url":"https:\/\/fagsistems.com.ar\/head\/nosotros\/","name":"Nosotros - Head","isPartOf":{"@id":"https:\/\/fagsistems.com.ar\/head\/#website"},"primaryImageOfPage":{"@id":"https:\/\/fagsistems.com.ar\/head\/nosotros\/#primaryimage"},"image":{"@id":"https:\/\/fagsistems.com.ar\/head\/nosotros\/#primaryimage"},"thumbnailUrl":"https:\/\/fagsistems.com.ar\/head\/wp-content\/uploads\/2024\/06\/e-bikes-2021-3.jpg","datePublished":"2024-01-23T19:16:22+00:00","dateModified":"2024-06-06T20:33:09+00:00","breadcrumb":{"@id":"https:\/\/fagsistems.com.ar\/head\/nosotros\/#breadcrumb"},"inLanguage":"es-AR","potentialAction":[{"@type":"ReadAction","target":["https:\/\/fagsistems.com.ar\/head\/nosotros\/"]}]},{"@type":"ImageObject","inLanguage":"es-AR","@id":"https:\/\/fagsistems.com.ar\/head\/nosotros\/#primaryimage","url":"https:\/\/fagsistems.com.ar\/head\/wp-content\/uploads\/2024\/06\/e-bikes-2021-3.jpg","contentUrl":"https:\/\/fagsistems.com.ar\/head\/wp-content\/uploads\/2024\/06\/e-bikes-2021-3.jpg","width":300,"height":200},{"@type":"BreadcrumbList","@id":"https:\/\/fagsistems.com.ar\/head\/nosotros\/#breadcrumb","itemListElement":[{"@type":"ListItem","position":1,"name":"Inicio","item":"https:\/\/fagsistems.com.ar\/head\/"},{"@type":"ListItem","position":2,"name":"Nosotros"}]},{"@type":"WebSite","@id":"https:\/\/fagsistems.com.ar\/head\/#website","url":"https:\/\/fagsistems.com.ar\/head\/","name":"Kanji - Inspir\u00e1 tu mundo","description":"","publisher":{"@id":"https:\/\/fagsistems.com.ar\/head\/#organization"},"potentialAction":[{"@type":"SearchAction","target":{"@type":"EntryPoint","urlTemplate":"https:\/\/fagsistems.com.ar\/head\/?s={search_term_string}"},"query-input":{"@type":"PropertyValueSpecification","valueRequired":true,"valueName":"search_term_string"}}],"inLanguage":"es-AR"},{"@type":"Organization","@id":"https:\/\/fagsistems.com.ar\/head\/#organization","name":"Kanji","url":"https:\/\/fagsistems.com.ar\/head\/","logo":{"@type":"ImageObject","inLanguage":"es-AR","@id":"https:\/\/fagsistems.com.ar\/head\/#\/schema\/logo\/image\/","url":"https:\/\/fagsistems.com.ar\/head\/wp-content\/uploads\/2023\/12\/logo-b.svg","contentUrl":"https:\/\/fagsistems.com.ar\/head\/wp-content\/uploads\/2023\/12\/logo-b.svg","width":2500,"height":400,"caption":"Kanji"},"image":{"@id":"https:\/\/fagsistems.com.ar\/head\/#\/schema\/logo\/image\/"},"sameAs":["https:\/\/www.facebook.com\/kanjitech","https:\/\/www.instagram.com\/kanji.arg\/"]}]}},"_links":{"self":[{"href":"https:\/\/fagsistems.com.ar\/head\/wp-json\/wp\/v2\/pages\/78","targetHints":{"allow":["GET"]}}],"collection":[{"href":"https:\/\/fagsistems.com.ar\/head\/wp-json\/wp\/v2\/pages"}],"about":[{"href":"https:\/\/fagsistems.com.ar\/head\/wp-json\/wp\/v2\/types\/page"}],"author":[{"embeddable":true,"href":"https:\/\/fagsistems.com.ar\/head\/wp-json\/wp\/v2\/users\/1"}],"replies":[{"embeddable":true,"href":"https:\/\/fagsistems.com.ar\/head\/wp-json\/wp\/v2\/comments?post=78"}],"version-history":[{"count":25,"href":"https:\/\/fagsistems.com.ar\/head\/wp-json\/wp\/v2\/pages\/78\/revisions"}],"predecessor-version":[{"id":2216,"href":"https:\/\/fagsistems.com.ar\/head\/wp-json\/wp\/v2\/pages\/78\/revisions\/2216"}],"wp:attachment":[{"href":"https:\/\/fagsistems.com.ar\/head\/wp-json\/wp\/v2\/media?parent=78"}],"curies":[{"name":"wp","href":"https:\/\/api.w.org\/{rel}","templated":true}]}}